tive of a**3/3 - a - 3. Calculate the remainder when c(-1) is divided by m(4).
11
Suppose -5*f - 49 - 11 = 0. Let x be (-1)/4 + (-771)/f. Suppose -x = -3*r - r. What is the remainder when 29 is divided by r?
13
Suppose -1 = r - 4. Suppose -8 + r = -h. Let a(t) = -t**3 - 2*t**2 + 2*t. What is the remainder when h is divided by a(-3)?
2
Suppose -20 = -5*o, 0*o + 5*o - 30 = -5*p. Let t be 3*(-6)/(-9) + p. Let x = 10 + t. Calculate the remainder when 53 is divided by x.
11
Let u = -298 - -397. What is the remainder when u is divided by 25?
24
Suppose 0 = -s - 4*j + 45 + 26, j = 5*s - 313. Suppose x = -5*t + 395, -t + 3*x = -0*t - s. What is the remainder when t is divided by 20?
18
Let k = 198 - 53. Calculate the remainder when k is divided by 7.
5
Suppose 3*m - j - 214 = 0, -149 = -m - 5*j - 51. What is the remainder when 655 is divided by m?
71
Let u(w) = 10*w**2 - 3*w + 3. Let p(i) = -3*i**2 - i + 20. Suppose 0*x = -2*x. Calculate the remainder when u(2) is divided by p(x).
17
Suppose -4*t - 4 = 3*k - 73, -k + 33 = 2*t. What is the remainder when 99 is divided by t?
9
Let y(t) = 2*t**2 + 18*t + 22. Let n be y(-11). Let o = n - 4. Calculate the remainder when o is divided by 21.
20
Let v(x) = -x**2 - 8*x - 6. Let f(u) = -2*u**2 - 52*u + 169. What is the remainder when f(-28) is divided by v(-6)?
3
Let n = 1833 + -1436. What is the remainder when n is divided by 128?
13
Let o be (-2 - -5) + -2 - -27. Let r = o + -16. Let n(g) = 2*g - 12. Calculate the remainder when 22 is divided by n(r).
10
Let u = -43937 + 44100. Calculate the remainder when u is divided by (10*1)/(4/22).
53
Let h = 15 - 14. Suppose -v + h = -7. Calculate the remainder when v is divided by 5.
3
Suppose 29 = l + 23. Calculate the remainder when 117 is divided by l/((42/20)/7).
17
Let v(w) = 7*w - 66. Let c = -121 - -133. Calculate the remainder when 42 is divided by v(c).
6
Let q(n) = -4*n + 40. Let z be q(9). Suppose m - 80 = -8*h + z*h, -2*h = 4*m - 40. Calculate the remainder when h is divided by 6.
2
Suppose -b + 2*b = 11. Let x = 179 + -173. Calculate the remainder when b is divided by x.
5
Let j = 24 - 24. Calculate the remainder when 38 is divided by 12 + j*(-3)/12.
2
Let g(i) = i**3 + 14*i**2 + 15*i + 17. Suppose -3*p = 2*k + 28, 0 = -0*k - 4*k + 16. What is the remainder when g(p) is divided by 32?
29
Let j = 711 + -665. What is the remainder when 266 is divided by j?
36
Let d(q) = 3*q**2 - 3*q - 2. Suppose -19*n = 7*n - 130. What is the remainder when d(4) is divided by n?
4
Let z be (-7 + 0)*-1 - 1. Let i(b) be the first derivative of b**2 - b + 228. Calculate the remainder when 41 is divided by i(z).
8
Let t = 2491 - 1542. What is the remainder when t is divided by 17?
14
Suppose -5*s - 15 = -3*n + 5, -4*n + 2*s = -22. What is the remainder when 64 is divided by n?
4
Let x(a) = 2*a**2 + 3*a + 4. Suppose -2*o = -4, 24 = -2*g - 2*o + 58. What is the remainder when x(-4) is divided by g?
9
Let p(v) = 2*v**2 - 3. Let a = 4 + 0. What is the remainder when p(a) is divided by (10 + 1 + 0)/((-9)/(-9))?
7
Suppose 60 = -285*a + 295*a. Calculate the remainder when 46 is divided by a.
4
Suppose 0 = u + 2 + 6. Let x be (-84)/u*(-6)/9. Let p(o) = o + 14. Calculate the remainder when p(x) is divided by 3.
1
Suppose -4*d + 544 = -115*i + 118*i, -4*d = -2*i - 524. Calculate the remainder when d is divided by 13.
3
Let c(q) = 49*q**2 - 1. Let n(s) = -s**3 + 64*s**2 + 270*s + 162. Calculate the remainder when c(-1) is divided by n(68).
22
Let d be 570/11 + (-2)/(-11). Let j = -33 + d. Calculate the remainder when 45 is divided by j.
7
Let r(v) = v**3 + 10*v**2 + 2*v + 31. What is the remainder when 284 is divided by r(-10)?
9
Let u = -375 + 409. What is the remainder when 100 is divided by u?
32
Let u(k) = -k**2 + 13*k. Let s be u(13). Suppose -5*w + 60 = -s*w. What is the remainder when w is divided by 7?
5
Suppose -i + 69 = -37. Let o = -94 + i. Calculate the remainder when ((-40)/(-6))/(2/6) is divided by o.
8
Let i(v) = v**3 + 6*v**2 + 5*v + 5. Let d be i(-5). Calculate the remainder when 68 + d + (-8)/1 is divided by 11.
10
Suppose -2*t - 32 - 448 = -4*g, g - 4*t - 127 = 0. Suppose 6*z - 7 - g = 0. What is the remainder when 34 is divided by z?
13
Calculate the remainder when 692/7 + ((-9)/21)/(-3) is divided by 15.
9
Suppose 2*u + 2*m = 0, -u = -7*m + 3*m. Suppose x - 17 = -u*x. What is the remainder when x is divided by 6*(4 + -4 + 1)?
5
Suppose -680 = -6*o + o. Suppose 0*b - 2*b = -o. Calculate the remainder when b is divided by 5*(10/(-5) + (-66)/(-10)).
22
Let i be 14 + 1/3*0. Let s be 4/i + (-321)/21. What is the remainder when 4 is divided by 9/2 - s/(-10)?
1
Suppose 4*b + 2*p = -294 + 2262, 5*b + 5*p = 2455. What is the remainder when b is divided by 55?
53
Let p be (-2)/8 + 3/12. Suppose -f + 24 = -p*f. Suppose -5*k + 227 = 2*y, -5*k - 5*y + 253 = 23. What is the remainder when k is divided by f?
21
Suppose -2*b - 125 + 317 = 0. Suppose b = 5*n - n. What is the remainder when n is divided by (9/(-4))/(11/(-44))?
6
Let r(n) = -2*n**3 + n. Suppose 3*v + 8 = -v. Suppose -2*l = -3*k + 153, 15 = 6*l - l. Calculate the remainder when k is divided by r(v).
11
Suppose 3*l + 2*d - 485 = 0, -4*l + 0*d = 2*d - 648. Calculate the remainder when l is divided by 19.
11
Let s be 2/7 - 410/(-35). Let g = 65 + s. Calculate the remainder when g is divided by 21.
14
Suppose 0 = -4*j - d - 104, 4*j + 5*d + 104 = 3*d. Calculate the remainder when (j + 7)*(0 - 1) is divided by 10.
9
Suppose 28*w - 14*w = 70. What is the remainder when 377 is divided by w?
2
Let w = 472 - 44. Calculate the remainder when w is divided by 43.
41
Suppose -5*u = 3*b - 322, 4*u - 3*b - 85 - 178 = 0. Suppose -2*t = 3*j - 62, -78 = -3*j - j - 5*t. Calculate the remainder when u is divided by j.
21
Suppose 0 = 2*s + 4*x - 3*x - 10, -3*s = -2*x - 29. What is the remainder when 111 is divided by s?
6
Suppose 5*i - 3*m = 242, -3*i = 14*m - 12*m - 130. What is the remainder when 151 is divided by i?
13
Let n(x) be the second derivative of x**4/12 - 7*x**3/6 + 6*x**2 - 53*x. What is the remainder when n(-8) is divided by 15?
12
Let z = 11 - 9. Suppose -15 = 3*k + z*k. Let m = k - -15. Calculate the remainder when 46 is divided by m.
10
Let p be (-9)/(-6) - (-6)/4. Suppose -4*h + p*h = -26. Let n(v) = -13*v - 42. Calculate the remainder when n(-9) is divided by h.
23
Let q be (-56)/(-72) - (2 - 60/27). Let h(c) = 22*c**3 - 3*c**2 + 4*c - 2. What is the remainder when 82 is divided by h(q)?
19
Let j(w) = w**3 + 12*w**2 - 16*w - 34. What is the remainder when 15 is divided by j(-13)?
0
Suppose 4*m - 429 - 2407 = 0. Suppose p + 471 = -2*d + 4*d, 3*d - p = m. Calculate the remainder when d is divided by 40.
38
Let f = 1980 - 1957. What is the remainder when 256 is divided by f?
3
Let m(n) = 2*n**3 + 25*n**2 + 17*n + 22. Calculate the remainder when m(-11) is divided by 40.
38
Let j be ((-8)/(-16))/((-1)/(-12)). Suppose y + j = 19. Calculate the remainder when 62 is divided by y.
10
Let h(c) = 4*c - 58. Let p be h(15). Suppose 2*f = -w + 46, -116 = -p*w - 5*f - 23. Calculate the remainder when w is divided by 3.
2
Suppose -292 = -i - 3*i. Calculate the remainder when i is divided by (-2 + 97)*(38/(-10) - -4).
16
Calculate the remainder when -2 - -2 - (-66)/2 is divided by 61/((-2806)/69)*(-6 - 0).
6
Suppose 5*v = -f + 253, -5*f = 4*v + 252 - 1622. Let j = f + -185. What is the remainder when j is divided by 12?
9
Suppose -2*r + 6 = -4. Suppose -r*j - 15 = -0. What is the remainder when 8 is divided by (-9)/j + (-6)/(-3)?
3
Suppose s - 2 = -0. Let l(k) = -6*k**2 - 12*k + 5. Let t(o) = -o**2 - o. Let n(w) = s*l(w) - 14*t(w). Calculate the remainder when n(7) is divided by 13.
12
Suppose -4*j + 288 = -476. What is the remainder when j is divided by 56?
23
Let h(q) = -2*q - 3*q**3 + 5 + 0 - 4*q + 2*q - 6*q**2. What is the remainder when h(-3) is divided by 24?
20
Let c(q) = q**2 - 9*q + 2. Let v be c(8). Let t = 6 + v. Calculate the remainder when (-4 - -5)*(33 - t) is divided by 6.
3
Suppose 3*v - 130 = -19. Calculate the remainder when 1846 is divided by v.
33
Let r = 19 + -7. Let u(j) = -37*j**3 - j**2 - 1. What is the remainder when u(-1) is divided by r?
11
Let z = 592 + -573. Calculate the remainder when z is divided by 3.